56*j + 19721. Give r(-43).
113
Let q(k) = -6302*k**2 + 44115*k + 3. Calculate q(7).
10
Let v(z) = -z**3 - 12*z**2 + 591*z + 666. Calculate v(-31).
604
Let b(o) = -o**3 + 56*o**2 - 122*o - 1168. Give b(54).
-1924
Let u(k) = k**3 - 31*k**2 + 225*k - 2491. What is u(26)?
-21
Let c(s) = -41*s - 4507. Determine c(-155).
1848
Let r(o) = -o**2 + 98*o + 1261. Calculate r(108).
181
Let l(u) = -14814*u + 2251731. Calculate l(152).
3
Let c(v) = -v**3 + 15*v**2 - 9206*v + 82412. Give c(9).
44
Let o(i) = 2*i**2 - 595*i + 11353. What is o(277)?
-4
Let n(r) = 356*r - 19122. Calculate n(54).
102
Let m(z) = -108433*z + 542169. What is m(5)?
4
Let x(a) = -a**3 - 29*a**2 + 20*a + 897. Calculate x(-29).
317
Let k(a) = 2*a**3 - 14*a**2 + 593*a - 3984. Give k(7).
167
Let g(c) = -2*c**3 + 183*c**2 + 3637*c - 867. Give g(-17).
17
Let u(f) = -43*f**2 + 8093*f - 9680. What is u(187)?
44
Let z(f) = f**3 + 89*f**2 - 1436*f + 1060. Determine z(-103).
442
Let v(k) = -k**3 + 15*k**2 + 80*k - 647. Give v(9).
559
Let u(w) = -501*w - 2660. Determine u(-5).
-155
Let a(y) = -y**3 - 30335*y**2 - 6804635*y - 226. Calculate a(-226).
0
Let r(d) = 9529*d + 54112. Give r(-6).
-3062
Let s(g) = g**3 - 23*g**2 - 29*g - 1257. What is s(26)?
17
Let j(p) = -59*p**2 + 1003*p + 8128. Calculate j(23).
-14
Let t(c) = 2*c**2 + 80819*c + 1534838. Calculate t(-19).
-1
Let z(o) = -o**3 - 330*o**2 - 4425*o - 1. What is z(-14)?
13
Let i(u) = -2*u**3 + 14*u**2 + 27*u - 149. Give i(7).
40
Let a(o) = 2025*o + 1450. Calculate a(-1).
-575
Let s(w) = -1003*w + 6087. Calculate s(6).
69
Let r(j) = -j**3 + 65*j**2 - 536*j + 284. What is r(9)?
-4
Let p(m) = -m**3 + 195*m**2 - 380*m + 21. Calculate p(193).
1179
Let m(d) = -471*d + 24945. What is m(53)?
-18
Let f(i) = 9*i**3 + 12*i**2 + 75*i + 250. Calculate f(-3).
-110
Let k(x) = -5*x**2 - 1854*x - 53935. What is k(-339)?
-34
Let a(c) = c**3 - 43*c**2 + 410*c - 280. Calculate a(13).
-20
Let j(g) = -g**2 + 52*g + 194668. Give j(-416).
-20
Let m(b) = -107*b**2 - 6849*b - 77. Determine m(-64).
-13
Let s(a) = -2050*a - 783081. Determine s(-382).
19
Let b(a) = 4*a**3 - 304*a**2 + 27*a + 279. What is b(76)?
2331
Let g(f) = -357502*f - 14657586. What is g(-41)?
-4
Let f(k) = -3*k**2 - 737*k + 2577. Give f(-249).
87
Let q(g) = 3*g**3 + 524*g**2 + 2380*g - 107. Determine q(-170).
-107
Let s(o) = -175834*o + 8791696. Give s(50).
-4
Let m(l) = 75*l**3 + 5*l**2 - 116*l - 234. Give m(-2).
-582
Let o(p) = 46*p**2 + 1907*p + 1906. Give o(-1).
45
Let j(h) = -238*h - 835. Give j(-4).
117
Let r(k) = -406*k + 38975. Determine r(96).
-1
Let a(f) = -2*f**3 + 181*f**2 + 121*f - 2198. Give a(91).
532
Let l(f) = -992*f - 9623. What is l(-10)?
297
Let y(h) = 5*h**2 - 1344*h - 5458. Determine y(-4).
-2
Let h(k) = 1234*k + 1148. Give h(-1).
-86
Let a(o) = 2*o**3 + 18*o**2 + 4358*o + 39262. Determine a(-9).
40
Let g(x) = -65279*x + 456958. Give g(7).
5
Let b(r) = 6*r + 419. What is b(-30)?
239
Let z(o) = -o**2 - 102*o + 1596. Determine z(24).
-1428
Let z(d) = -11*d**3 - 78*d**2 - 80*d - 530. Give z(-7).
-19
Let l(h) = 7*h**2 - 738*h + 9216. What is l(91)?
25
Let b(d) = -d**2 - 167*d - 6053. Calculate b(-53).
-11
Let q(t) = 73*t**2 + 128*t - 658. Give q(5).
1807
Let b(q) = -2*q**2 + 225*q + 4802. Calculate b(131).
-45
Let z(x) = x**3 + 58*x**2 + 16*x + 927. Determine z(-58).
-1
Let j(t) = -6*t**2 + 225*t - 2069. Give j(16).
-5
Let a(x) = -16*x**3 - 306*x**2 + 41*x + 1293. What is a(-19)?
-208
Let h(j) = -567*j**2 + 496*j + 4. Give h(1).
-67
Let p(n) = 3281*n - 1679973. Calculate p(512).
-101
Let w(u) = -u**3 - 55*u**2 - 134*u - 254. What is w(-52)?
-1398
Let t(d) = -d**2 + 449*d - 5272. Give t(437).
-28
Let d(x) = x**3 - 293*x**2 - 2075*x + 171. What is d(-7)?
-4
Let n(v) = v**3 + 215*v**2 + 3331*v - 619. Calculate n(-17).
-24
Let w(d) = -2*d**2 + 51*d - 273. Give w(10).
37
Let b(m) = -2*m**3 + 1004*m**2 + 2994*m + 18175. What is b(505)?
-5
Let s(v) = 1300*v + 1638005. Calculate s(-1260).
5
Let t(q) = 2*q**3 + 2970*q**2 + 49915*q + 42. Calculate t(-17).
-9
Let j(q) = -8*q**3 - 229*q**2 - 42*q + 2747. Give j(-28).
3
Let c(a) = 366986*a + 2935886. What is c(-8)?
-2
Let j(a) = -3*a**2 + 87*a + 1464. Determine j(41).
-12
Let s(a) = a**3 + 88*a**2 - 4966*a + 56224. What is s(21)?
7
Let p(b) = -b**2 + 21*b + 68. Give p(22).
46
Let f(k) = -3*k**3 - 17*k**2 + k - 2555. What is f(0)?
-2555
Let g(t) = -13686*t - 574794. Calculate g(-42).
18
Let h(q) = q**3 - 272*q**2 - 305*q + 9509. Calculate h(273).
773
Let b(z) = z**3 + 4*z**2 + 12428*z + 99703. Determine b(-8).
23
Let q(t) = -31*t**2 + 5691*t - 14472. Determine q(181).
8
Let n(u) = -30*u**2 + 47*u - 157. Determine n(4).
-449
Let r(x) = -x**2 - 1683*x - 226623. Calculate r(-148).
557
Let v(j) = 7*j**3 + 266*j**2 + 8*j + 346. What is v(-38)?
42
Let g(w) = -2*w**3 - 27*w**2 - 107*w - 1705. What is g(-14)?
-11
Let h(g) = -48820*g - 2050433. Calculate h(-42).
7
Let p(m) = m**3 + 573*m**2 + 28024*m - 100. What is p(-54)?
8
Let t(y) = -143861*y + 35965250. Determine t(250).
0
Let n(s) = s**2 + 12265*s + 476799. Calculate n(-39).
-15
Let r(x) = x**3 - 230*x**2 + 12979*x - 934. Calculate r(99).
56
Let r(w) = -10261*w - 800370. Calculate r(-78).
-12
Let u(j) = 5639*j + 33614. Determine u(-6).
-220
Let n(t) = -24*t**3 + 28*t**2 - 154*t - 1026. Give n(-4).
1574
Let b(c) = 77*c**3 + 110*c**2 - 222*c - 4. Calculate b(2).
608
Let f(r) = 10*r**2 + 189*r + 1868. Determine f(-9).
977
Let f(q) = 4*q**2 + 294*q - 2062. Give f(-80).
18
Let j(s) = -789*s + 5668. Determine j(7).
145
Let q(h) = 42285*h + 211897. Determine q(-5).
472
Let j(i) = i**2 + 839*i + 5026. Calculate j(-6).
28
Let g(k) = -929*k**2 - 240584*k + 6991. Calculate g(-259).
-2
Let b(k) = k**3 + 180*k**2 + 342*k + 61555. What is b(-180)?
-5
Let r(i) = 332*i**2 + 8371*i + 1775. Determine r(-25).
0
Let g(k) = -41*k + 15766. What is g(274)?
4532
Let u(s) = -1009*s + 263972. Give u(263).
-1395
Let z(s) = s**3 + 200*s**2 + 8537*s - 5911. What is z(-63)?
11
Let c(i) = 342*i**2 + 1102*i - 5. What is c(-3)?
-233
Let q(y) = y**2 + 180*y + 900. Give q(-173).
-311
Let p(a) = 5*a**2 - 804*a + 2699. Determine p(158).
487
Let r(a) = 11*a**3 + 29*a**2 - 3*a + 33. Calculate r(6).
3435
Let z(o) = -10*o**2 + 325*o - 2397. Determine z(22).
-87
Let q(a) = 3*a**2 + 4200*a - 33648. Give q(8).
144
Let t(f) = -f**3 - 23*f**2 + 200*f + 100. What is t(-30)?
400
Let k(b) = 2341*b - 2211. What is k(1)?
130
Let v(o) = -10*o**2 + 36355*o - 108972. Give v(3).
3
Let p(z) = z**3 + 12*z**2 + 46612*z + 699860. What is p(-15)?
5
Let r(w) = w**3 - 222*w**2 + 5621*w - 43. Calculate r(29).
653
Let w(q) = -1019*q + 23360. What is w(23)?
-77
Let o(h) = -3*h**3 + 61*h**2 - 160*h - 136. Calculate o(16).
632
Let a(w) = -8*w**3 - 456*w**2 - 43*w - 92. Give a(-57).
2359
Let p(f) = 2*f**2 - 2868*f + 78735. Determine p(28).
-1
Let m(s) = s**3 - 53*s**2 - 351*s + 7100. Determine m(57).
89
Let v(a) = 333*a + 6587. What is v(-18)?
593
Let n(l) = -17662*l + 27. Calculate n(0).
27
Let x(o) = -17*o**2 - 3207*o + 14263. What is x(-193)?
-19
Let f(w) = 10956*w - 4338575. What is f(396)?
1
Let f(u) = -3*u**3 + 150*u**2 - 59*u + 2749. Calculate f(50).
-201
Let k(m) = -975*m - 145273. What is k(-149)?
2
Let h(b) = 2160*b + 75605. Calculate h(-35).
5
Let q(w) = 23*w**2 - 470*w - 271. Give q(21).
2
Let q(u) = -21623*u - 3913768. What is q(-181)?
-5
Let b(a) = a**3 - 19*a**2 - 38*a - 2. Determine b(12).
-1466
Let c(x) = x**3 + 537*x**2 + 27360*x - 44. What is c(-57)?
-44
Let w(g) = -66596*g - 732547. What is w(-11)?
9
Let r(p) = -3*p**3 + 68*p**2 + 1160*p + 50. Give r(34).
186
Let q(y) = -1954*y + 1432276. Give q(733).
-6
Let i(s) = 31*s**2 + 1070*s + 2140. Determine i(-2).
124
Let d(h) = h**3 - 168*h**2 + 5871*h + 25991. Give d(57).
-1
Let j(c) = 525*c + 13657. Give j(-26).
7
Let h(b) = -b**2 - 5117*b + 25580. Determine h(5).
-30
Let i(a) = -a**2 - 46*a + 31982. What is i(-205)?
-613
Let x(a) = a**3 - 121*a**2 + 1380*a - 95. Give x(13).
-407
Let t(j) = 1044355*j + 40729851. What is t(-39)?
6
Let h(f) = 30*f**3 + 5*f**2 + 23*f - 71. Calculate h(2).
235
Let y(z) = -12793*z + 729149. Determine y(57).
-52
Let x(k) = k**3 + 17*k**2 + 7734*k + 84334. Calculate x(-11).
-14
Let t(j) = -15220*j - 1141469. Give t(-75).
31
Let g(s) = s**2 + 81845*s - 163701. Give g(2).